
False
Suppose -14252 = -15*g + 6163. Let a = 4096 - g. Is a prime?
False
Suppose -h + 12 = 3*h. Suppose -h*y = 4*c - 299, 0*c + y = 3*c - 234. Suppose o = 5*q + c, 3*o + 4*q + 276 = 7*o. Is o a prime number?
True
Let x(q) = q**3 + 13*q**2 - 2*q - 67. Let g(i) = -2*i**3 - 25*i**2 + 5*i + 134. Let j(l) = -3*g(l) - 7*x(l). Is j(-21) a composite number?
False
Let s(q) = -q**3 + 4*q**2 + 12*q + 4. Let f be s(7). Let c = f - -954. Is c prime?
False
Let b(j) = 3075*j**3 - 15*j**2 - 5*j + 32. Is b(3) a composite number?
True
Let t be (3 - (-9)/(-3)) + -3 + -83. Let o = 90 + t. Suppose -o*v = -3065 - 4691. Is v prime?
False
Suppose 3*u = -3*n + 420, 0 = -n + 2*n + 3*u - 134. Let k be (1*735 - 1) + 1. Suppose -k - n = -2*d. Is d a composite number?
False
Suppose 4*b - u - 18573 = 0, 7*b + 13949 = 10*b + 2*u. Is b composite?
True
Let m = 42373 - -27088. Is m composite?
True
Suppose -i = -4*f + 308496 - 81222, 284105 = 5*f + 5*i. Is f composite?
True
Suppose 1290 = -0*j + j - 3*n, 2*n = 5*j - 6398. Suppose 4*m - 3750 = j. Is m composite?
True
Suppose 3*s = 609*q - 607*q - 5072653, 0 = 2*s - 6. Is q a composite number?
True
Let v = 26 - 5. Suppose 11212 = 5*g - 5*p - 9538, -5*g + 20765 = -2*p. Suppose -v*o = -18*o - g. Is o a prime number?
False
Suppose -3*q + 3 = 4*k - k, 3*q + 17 = 2*k. Suppose 5*x - 34 + 8 = -d, 0 = -3*x - 4*d + 19. Suppose -k = -2*l, x*g + 800 = l + 2588. Is g a composite number?
True
Suppose o + o + 4*f - 20 = 0, -26 = -3*o - 5*f. Let w(x) = -2 + 6 - 3 + x**3 - 8*x**o - x**2 - 8*x. Is w(14) a composite number?
True
Let s(x) = -x**3 + 33*x**2 + 32*x + 70. Let f be s(35). Let u = f - -4033. Is u a prime number?
False
Suppose -4 = -2*l, -3*f - 20 = -8*f - 5*l. Suppose 3*q = 3*o - 636, f*q + 837 = 5*o - 220. Is o composite?
False
Let u(o) = o**2 + o - 15. Let k be u(0). Let q = 447 - 215. Let n = q + k. Is n composite?
True
Let o(r) = r**3 + 12*r**2 + 11*r + 7. Let c be o(-11). Suppose 0 = 2*i - c + 1. Is (13990/15)/(2/i) a composite number?
False
Suppose -31*b = 108*b + 442592 - 3973053. Is b a composite number?
True
Let f be (-15)/(-10) + (-24362)/(-4). Let i = f - 9514. Let b = i - -5895. Is b prime?
True
Let c(s) = 33*s - 71. Let b be c(4). Suppose b*n = 58*n + 27717. Is n a prime number?
True
Suppose -2972106 + 1238441 = -40*f + 2722615. Is f a composite number?
True
Suppose 7*b = 2526 - 629. Let i be (-2)/(-4)*(3 + b). Let q = i - -26. Is q composite?
False
Suppose 0 = -5*u + 10, k + 36*u - 33*u - 1 = 0. Is (-15635)/(-10) + k*(-4)/(-8) composite?
True
Let z be (6/(-8))/(102/(-272)). Let q(w) = 2158*w**3 - 3*w**2 - w - 5. Is q(z) composite?
True
Let b = -147 - -185. Suppose -42*q = -b*q - 28460. Is q a composite number?
True
Let m be 3/6*2*-1 + 4. Let b(s) be the second derivative of 421*s**3/6 + 7*s**2 - 27*s - 2. Is b(m) composite?
False
Suppose 0 = 114*q - 117*q + 5*r + 256481, 3*q + r - 256457 = 0. Is q prime?
True
Is (415003/2)/(((-276)/24 - -3) + 9) a composite number?
True
Let z(o) = 3136*o**2 + 23*o + 85. Is z(-6) a composite number?
False
Let y(q) = -928*q - 17. Let f be y(5). Let z = -2336 - f. Is z a composite number?
True
Let b(v) = -155*v**3 - 12*v**2 + 7*v - 7. Suppose -4*h + 1535 - 1555 = 0. Is b(h) a composite number?
True
Let d(k) = 1274*k**2 - 134*k - 841. Is d(-6) a composite number?
False
Suppose 23328 - 7856 = 16*c. Suppose c = k + 2*p, -5*p = 3*k - k - 1932. Is k a composite number?
False
Let f = 4270460 + -2204901. Is f composite?
False
Suppose -o - 3*v + 112048 = -2*v, 5*o - v = 560246. Suppose 5*t + 3974 - 116024 = 5*c, -5*t + o = -4*c. Is t a prime number?
True
Let c(g) = -6658*g - 43. Is c(-3) a composite number?
True
Is 8187 - 13/(130/(-40)) composite?
False
Suppose n - 5*i - 3 - 11 = 0, 3*n - 12 = 5*i. Is (n - 634)*20/(-100) a composite number?
False
Let x = 210 + -178. Let p(l) = -l**3 + 34*l**2 - 13*l - 14. Is p(x) prime?
False
Let o(y) = -116 + 215 + 112*y - 1190*y - 120. Is o(-8) a prime number?
False
Suppose -20*k + 13*k = -42. Is (562260/9)/10*k/4 prime?
True
Suppose -31*o = -22*o - 1296. Is (-16)/(o/(-58217)) + 4/9 prime?
True
Let c(d) = -2*d**2 - 14*d - 2. Let u(x) = 2*x**3 + 9*x**2 + 5*x - 3. Let s be u(-4). Let k be (8/(-2))/(12/(-126)*s). Is c(k) prime?
False
Let p = -14471 + 25431. Is p + (1 + 0 - 0) a composite number?
True
Suppose -g + 12 = k, -3*g - k = -5*k - 57. Let z be ((-84)/g)/((-14)/35). Let w = z + 12. Is w composite?
True
Let a be ((-12)/28)/(3/(-21)). Let d be 2818/6 + (-4)/6. Suppose -10*m + a*m = -d. Is m a prime number?
True
Is -3*(6619847/39)/(-19) prime?
True
Let r = 212 + 298. Let y(z) = 4*z - 5*z + 204 + 271 + r - z**3. Is y(0) prime?
False
Let c = 79 + -72. Suppose c*o = -4*o + 28897. Is o prime?
False
Suppose i = -4*j + 2 - 3, -5*j = 3*i - 4. Suppose -i*z + 4562 = -2281. Is z a prime number?
True
Let i = 5881 + 103728. Is i prime?
True
Let a be ((-9)/(-24))/((-1)/(-4))*5154. Suppose 0 = 8*b + 699 - a. Is b prime?
False
Suppose 48*k = 28*k + 21*k - 163811. Is k a composite number?
False
Let r(w) = -169*w - 74. Is r(-63) composite?
True
Let h(o) = -283*o - 137. Let v(t) = -141*t - 70. Let q(s) = 3*h(s) - 5*v(s). Is q(-23) composite?
False
Let d be ((-122)/(-4))/(-3*1/(-6)). Suppose 65*b + 56 = d*b. Is 40/(-140) + (-13010)/b composite?
False
Suppose 0 = -328*v + 329*v - 16. Suppose d + v*d = 13787. Is d composite?
False
Suppose -20968 = -2*h + 4*b, 5*h = -3*b + 9546 + 42926. Suppose -4*o + h = -10024. Is o composite?
True
Let x = 99655 - -5680. Is x a prime number?
False
Let n(x) be the second derivative of -x**5/20 - x**3/3 - 17*x**2/2 + 4*x. Let d be n(0). Is (-31628)/(-18) - d/(-153) a composite number?
True
Suppose 203021 = -12*p - 6*p + 2529755. Is p composite?
False
Is -7 - (138705/(-3) + 5) - 4 prime?
True
Let k be 4/2 + 0 + (-2)/(-1). Suppose -k*a = -7648 - 4500. Is a composite?
False
Let m(n) = 2*n + 19. Let d be m(-17). Let i(s) = -9*s**2 - 18*s + 23. Let y be i(d). Let u = -513 - y. Is u a composite number?
True
Let m(q) be the third derivative of q**5/15 + 17*q**4/24 + 17*q**3/6 + 113*q**2. Suppose -2*a + 5*a + 38 = -4*r, 5*a + 55 = -5*r. Is m(a) prime?
True
Let i(c) = 82*c**2 + 8*c + 18. Let q be i(-3). Suppose -3*b + 3351 = -q. Is b composite?
False
Let l = 520 + -520. Suppose -3*w - 24*w + 205443 = l. Is w a prime number?
False
Suppose -i + 222290 = 2*f, 3*f - 5*i - 296073 = 37362. Is f a prime number?
False
Let c(k) = -2*k - 8. Suppose 5*q = 5*t + 35, 2*q = -t - 2*q - 2. Let p be c(t). Suppose p*w - g - 326 = 1852, -w + 3*g + 539 = 0. Is w a composite number?
True
Let x = -423018 - -658573. Is x prime?
False
Let n = 211 - 206. Suppose 0 = -4*q - n*a + 10441, 5*q + 3*a = 2*a + 13046. Is q a composite number?
False
Let q = 230 + -226. Let y(f) = 196*f**3 - 5*f**2 - f + 1. Is y(q) composite?
True
Let h(p) = -755*p + 3873. Is h(-110) composite?
False
Suppose 0 = 5*g - 4*c - 1714707, 5*g + 3*c - 592398 = 1122358. Is g prime?
False
Suppose 3*d - 90 = -9. Suppose -6*v + d = -15. Suppose -v*t = -3*t - 3*i - 3356, -5*t - i = -4195. Is t a prime number?
True
Let t(h) = -h**3 - 7*h**2 - 6*h + 2. Let c be t(-6). Let i be (-1)/(3*c/12*-1). Is (i/(12/3453))/(1/2) prime?
True
Suppose 0*l = -4*l - 2*f + 32, 0 = -3*l + 2*f + 24. Let j(p) = p - 6. Let z be j(l). Suppose -z*o + 128 = 2*r - 20, 0 = r + 5. Is o a prime number?
True
Suppose -2*r - 4*i + 43722 = 0, -177*r = -179*r + 5*i + 43713. Is r composite?
False
Suppose 4*c - 213 - 1947 = 5*w, 413 = -w - 3*c. Suppose 3*z - 620 = -4*h - 2*z, 2*h + 5*z = 310. Let f = h - w. Is f prime?
False
Let m be -19 + (-2 + 56)/9. Let k(o) = 1 + 6*o**2 + 2 + 0 - 2*o. Is k(m) prime?
False
Let r(a) = -2179*a**3 + 13*a**2 - 11*a - 15. Is r(-4) a prime number?
False
Suppose 44 = -19*y + 15*y. Is (-14)/(4/2*y/1177) a composite number?
True
Let y(c) = -3*c**3 - 2*c**2 + c - 1. Let a be y(-2). Let x(u) be the third derivative of u**5/12 - 7*u**4/12 + 5*u**3/3 - 10*u**2 + 50. Is x(a) prime?
True
Let v be 213/7 - (-20)/35. Suppose -v*c + 28708 = -27*c. Is c composite?
False
Let k(l) = -l**3 - 18*l**2 + 25*l + 118. Let t be k(-19). Is 32/(-40)*(-10)/t - -1521 a prime number?
True
Suppose 3*c = -4*r + 8*r + 62563, 0 = -5*c - 3*r + 104233. Is c a composite number?
False
Let d = 2403 - 1441. Let g be d/6*(7 + -10 + 6). Let q = -164 + g. Is q a pri